[INFO] cloning repository https://github.com/alexpozdnyakof/rust-examples
[INFO] running `Command { std: "git" "-c" "credential.helper=" "-c" "credential.helper=/workspace/cargo-home/bin/git-credential-null" "clone" "--bare" "https://github.com/alexpozdnyakof/rust-examples" "/workspace/cache/git-repos/https%3A%2F%2Fgithub.com%2Falexpozdnyakof%2Frust-examples", kill_on_drop: false }`
[INFO] [stderr] Cloning into bare repository '/workspace/cache/git-repos/https%3A%2F%2Fgithub.com%2Falexpozdnyakof%2Frust-examples'...
[INFO] running `Command { std: "git" "rev-parse" "HEAD", kill_on_drop: false }`
[INFO] [stdout] 301db7a6eca9b49266781b9cf3611a60fce31a99
[INFO] checking alexpozdnyakof/rust-examples against master#e6e4f7ed1589e03bc2f6c5931c1a72e7947e8682 for beta-170-4
[INFO] running `Command { std: "git" "clone" "/workspace/cache/git-repos/https%3A%2F%2Fgithub.com%2Falexpozdnyakof%2Frust-examples" "/workspace/builds/worker-5-tc2/source", kill_on_drop: false }`
[INFO] [stderr] Cloning into '/workspace/builds/worker-5-tc2/source'...
[INFO] [stderr] done.
[INFO] validating manifest of git repo https://github.com/alexpozdnyakof/rust-examples on toolchain e6e4f7ed1589e03bc2f6c5931c1a72e7947e8682
[INFO] running `Command { std: CARGO_HOME="/workspace/cargo-home" RUSTUP_HOME="/workspace/rustup-home" "/workspace/cargo-home/bin/cargo" "+e6e4f7ed1589e03bc2f6c5931c1a72e7947e8682" "metadata" "--manifest-path" "Cargo.toml" "--no-deps", kill_on_drop: false }`
[INFO] started tweaking git repo https://github.com/alexpozdnyakof/rust-examples
[INFO] finished tweaking git repo https://github.com/alexpozdnyakof/rust-examples
[INFO] tweaked toml for git repo https://github.com/alexpozdnyakof/rust-examples written to /workspace/builds/worker-5-tc2/source/Cargo.toml
[INFO] crate git repo https://github.com/alexpozdnyakof/rust-examples already has a lockfile, it will not be regenerated
[INFO] running `Command { std: CARGO_HOME="/workspace/cargo-home" RUSTUP_HOME="/workspace/rustup-home" "/workspace/cargo-home/bin/cargo" "+e6e4f7ed1589e03bc2f6c5931c1a72e7947e8682" "fetch" "--manifest-path" "Cargo.toml", kill_on_drop: false }`
[INFO] running `Command { std: "docker" "create" "-v" "/var/lib/crater-agent-workspace/builds/worker-5-tc2/target:/opt/rustwide/target:rw,Z" "-v" "/var/lib/crater-agent-workspace/builds/worker-5-tc2/source:/opt/rustwide/workdir:ro,Z" "-v" "/var/lib/crater-agent-workspace/cargo-home:/opt/rustwide/cargo-home:ro,Z" "-v" "/var/lib/crater-agent-workspace/rustup-home:/opt/rustwide/rustup-home:ro,Z" "-e" "SOURCE_DIR=/opt/rustwide/workdir" "-e" "CARGO_TARGET_DIR=/opt/rustwide/target" "-e" "CARGO_HOME=/opt/rustwide/cargo-home" "-e" "RUSTUP_HOME=/opt/rustwide/rustup-home" "-w" "/opt/rustwide/workdir" "-m" "1610612736" "--user" "0:0" "--network" "none" "ghcr.io/rust-lang/crates-build-env/linux@sha256:19e73879b68f455e41552ea35293514db52ea292d993f571636dbffedb77a1ee" "/opt/rustwide/cargo-home/bin/cargo" "+e6e4f7ed1589e03bc2f6c5931c1a72e7947e8682" "metadata" "--no-deps" "--format-version=1", kill_on_drop: false }`
[INFO] [stdout] f968db23cbe2dec69015eab1c724b4b8e47284bdfdf0c163077a1cbf22e3387e
[INFO] running `Command { std: "docker" "start" "-a" "f968db23cbe2dec69015eab1c724b4b8e47284bdfdf0c163077a1cbf22e3387e", kill_on_drop: false }`
[INFO] running `Command { std: "docker" "inspect" "f968db23cbe2dec69015eab1c724b4b8e47284bdfdf0c163077a1cbf22e3387e", kill_on_drop: false }`
[INFO] running `Command { std: "docker" "rm" "-f" "f968db23cbe2dec69015eab1c724b4b8e47284bdfdf0c163077a1cbf22e3387e", kill_on_drop: false }`
[INFO] [stdout] f968db23cbe2dec69015eab1c724b4b8e47284bdfdf0c163077a1cbf22e3387e
[INFO] running `Command { std: "docker" "create" "-v" "/var/lib/crater-agent-workspace/builds/worker-5-tc2/target:/opt/rustwide/target:rw,Z" "-v" "/var/lib/crater-agent-workspace/builds/worker-5-tc2/source:/opt/rustwide/workdir:ro,Z" "-v" "/var/lib/crater-agent-workspace/cargo-home:/opt/rustwide/cargo-home:ro,Z" "-v" "/var/lib/crater-agent-workspace/rustup-home:/opt/rustwide/rustup-home:ro,Z" "-e" "SOURCE_DIR=/opt/rustwide/workdir" "-e" "CARGO_TARGET_DIR=/opt/rustwide/target" "-e" "CARGO_INCREMENTAL=0" "-e" "RUST_BACKTRACE=full" "-e" "RUSTFLAGS=--cap-lints=forbid" "-e" "RUSTDOCFLAGS=--cap-lints=forbid" "-e" "CARGO_HOME=/opt/rustwide/cargo-home" "-e" "RUSTUP_HOME=/opt/rustwide/rustup-home" "-w" "/opt/rustwide/workdir" "-m" "1610612736" "--user" "0:0" "--network" "none" "ghcr.io/rust-lang/crates-build-env/linux@sha256:19e73879b68f455e41552ea35293514db52ea292d993f571636dbffedb77a1ee" "/opt/rustwide/cargo-home/bin/cargo" "+e6e4f7ed1589e03bc2f6c5931c1a72e7947e8682" "check" "--frozen" "--all" "--all-targets" "--message-format=json", kill_on_drop: false }`
[INFO] [stdout] 940995ad7992fca4b7ac1e67e3c21e6d65f27010412af3933bd37cff3e61247b
[INFO] running `Command { std: "docker" "start" "-a" "940995ad7992fca4b7ac1e67e3c21e6d65f27010412af3933bd37cff3e61247b", kill_on_drop: false }`
[INFO] [stderr]     Checking exercises v0.1.0 (/opt/rustwide/workdir)
[INFO] [stdout] error[E0106]: missing lifetime specifier
[INFO] [stdout]  --> src/bin/ownership.rs:5:16
[INFO] [stdout]   |
[INFO] [stdout] 5 | fn dangle() -> &String {
[INFO] [stdout]   |                ^ expected named lifetime parameter
[INFO] [stdout]   |
[INFO] [stdout]   = help: this function's return type contains a borrowed value, but there is no value for it to be borrowed from
[INFO] [stdout] help: consider using the `'static` lifetime
[INFO] [stdout]   |
[INFO] [stdout] 5 | fn dangle() -> &'static String {
[INFO] [stdout]   |                 +++++++
[INFO] [stdout] 
[INFO] [stdout] 
[INFO] [stdout] error[E0106]: missing lifetime specifier
[INFO] [stdout]  --> src/bin/ownership.rs:5:16
[INFO] [stdout]   |
[INFO] [stdout] 5 | fn dangle() -> &String {
[INFO] [stdout]   |                ^ expected named lifetime parameter
[INFO] [stdout]   |
[INFO] [stdout]   = help: this function's return type contains a borrowed value, but there is no value for it to be borrowed from
[INFO] [stdout] help: consider using the `'static` lifetime
[INFO] [stdout]   |
[INFO] [stdout] 5 | fn dangle() -> &'static String {
[INFO] [stdout]   |                 +++++++
[INFO] [stdout] 
[INFO] [stdout] 
[INFO] [stdout] error: aborting due to previous error
[INFO] [stdout] 
[INFO] [stdout] 
[INFO] [stdout] For more information about this error, try `rustc --explain E0106`.
[INFO] [stdout] 
[INFO] [stdout] error: aborting due to previous error
[INFO] [stdout] 
[INFO] [stdout] 
[INFO] [stdout] For more information about this error, try `rustc --explain E0106`.
[INFO] [stdout] 
[INFO] [stderr] error: could not compile `exercises` (bin "ownership" test) due to 2 previous errors
[INFO] [stderr] warning: build failed, waiting for other jobs to finish...
[INFO] [stderr] error: could not compile `exercises` (bin "ownership") due to 2 previous errors
[INFO] [stdout] error[E0425]: cannot find value `dice_roll` in this scope
[INFO] [stdout]   --> src/bin/enums.rs:39:11
[INFO] [stdout]    |
[INFO] [stdout] 39 |     match dice_roll {
[INFO] [stdout]    |           ^^^^^^^^^ not found in this scope
[INFO] [stdout] 
[INFO] [stdout] 
[INFO] [stdout] error[E0425]: cannot find value `coin` in this scope
[INFO] [stdout]   --> src/bin/enums.rs:49:35
[INFO] [stdout]    |
[INFO] [stdout] 49 |     if let Coin::Quarter(state) = coin {
[INFO] [stdout]    |                                   ^^^^ not found in this scope
[INFO] [stdout] 
[INFO] [stdout] 
[INFO] [stdout] error[E0425]: cannot find value `dice_roll` in this scope
[INFO] [stdout]   --> src/bin/enums.rs:39:11
[INFO] [stdout]    |
[INFO] [stdout] 39 |     match dice_roll {
[INFO] [stdout]    |           ^^^^^^^^^ not found in this scope
[INFO] [stdout] 
[INFO] [stdout] 
[INFO] [stdout] error[E0425]: cannot find value `coin` in this scope
[INFO] [stdout]   --> src/bin/enums.rs:49:35
[INFO] [stdout]    |
[INFO] [stdout] 49 |     if let Coin::Quarter(state) = coin {
[INFO] [stdout]    |                                   ^^^^ not found in this scope
[INFO] [stdout] 
[INFO] [stdout] 
[INFO] [stdout] error[E0425]: cannot find function `add_fancy_hat` in this scope
[INFO] [stdout]   --> src/bin/enums.rs:40:14
[INFO] [stdout]    |
[INFO] [stdout] 40 |         3 => add_fancy_hat(),
[INFO] [stdout]    |              ^^^^^^^^^^^^^ not found in this scope
[INFO] [stdout] 
[INFO] [stdout] 
[INFO] [stdout] error[E0425]: cannot find function `remove_fancy_hat` in this scope
[INFO] [stdout]   --> src/bin/enums.rs:41:14
[INFO] [stdout]    |
[INFO] [stdout] 41 |         7 => remove_fancy_hat(),
[INFO] [stdout]    |              ^^^^^^^^^^^^^^^^ not found in this scope
[INFO] [stdout] 
[INFO] [stdout] 
[INFO] [stdout] error[E0425]: cannot find function `add_fancy_hat` in this scope
[INFO] [stdout]   --> src/bin/enums.rs:40:14
[INFO] [stdout]    |
[INFO] [stdout] 40 |         3 => add_fancy_hat(),
[INFO] [stdout]    |              ^^^^^^^^^^^^^ not found in this scope
[INFO] [stdout] 
[INFO] [stdout] 
[INFO] [stdout] error[E0425]: cannot find function `remove_fancy_hat` in this scope
[INFO] [stdout]   --> src/bin/enums.rs:41:14
[INFO] [stdout]    |
[INFO] [stdout] 41 |         7 => remove_fancy_hat(),
[INFO] [stdout]    |              ^^^^^^^^^^^^^^^^ not found in this scope
[INFO] [stdout] 
[INFO] [stdout] 
[INFO] [stdout] error[E0425]: cannot find function `move_player` in this scope
[INFO] [stdout]   --> src/bin/enums.rs:42:18
[INFO] [stdout]    |
[INFO] [stdout] 42 |         other => move_player(other),
[INFO] [stdout]    |                  ^^^^^^^^^^^ not found in this scope
[INFO] [stdout] 
[INFO] [stdout] 
[INFO] [stdout] error[E0425]: cannot find function `move_player` in this scope
[INFO] [stdout]   --> src/bin/enums.rs:42:18
[INFO] [stdout]    |
[INFO] [stdout] 42 |         other => move_player(other),
[INFO] [stdout]    |                  ^^^^^^^^^^^ not found in this scope
[INFO] [stdout] 
[INFO] [stdout] 
[INFO] [stdout] error: aborting due to 5 previous errors
[INFO] [stdout] 
[INFO] [stdout] 
[INFO] [stdout] For more information about this error, try `rustc --explain E0425`.
[INFO] [stdout] 
[INFO] [stdout] error: aborting due to 5 previous errors
[INFO] [stdout] 
[INFO] [stdout] 
[INFO] [stdout] For more information about this error, try `rustc --explain E0425`.
[INFO] [stdout] 
[INFO] [stderr] error: could not compile `exercises` (bin "enums") due to 6 previous errors
[INFO] [stderr] error: could not compile `exercises` (bin "enums" test) due to 6 previous errors
[INFO] running `Command { std: "docker" "inspect" "940995ad7992fca4b7ac1e67e3c21e6d65f27010412af3933bd37cff3e61247b", kill_on_drop: false }`
[INFO] running `Command { std: "docker" "rm" "-f" "940995ad7992fca4b7ac1e67e3c21e6d65f27010412af3933bd37cff3e61247b", kill_on_drop: false }`
[INFO] [stdout] 940995ad7992fca4b7ac1e67e3c21e6d65f27010412af3933bd37cff3e61247b
